9)/27)/((8/(-54))/4)?
8
Let u = 4059 - 2817. Suppose 16*d = 10*d + u. What is the hundreds digit of d?
2
Let i = -2 - -7. Suppose -i*n + 14 - 4 = 0. Suppose 0*l = l - n. What is the units digit of l?
2
Let a(p) = p**3 - 6*p**2 + p - 1. Let i be a(6). Suppose 0*o = i*o. Suppose -b + o*h + 2*h + 41 = 0, -4*h = -5*b + 205. What is the units digit of b?
1
Let g be 8/(-10) + (-336)/(-70). Let d(n) = 6*n**3 - 6*n**2 - n + 14. What is the tens digit of d(g)?
9
Suppose 0 = -2*a - 3*s + 102, -3*s = 5*a + 2*s - 250. Let q be a/9 - 3/9. Suppose 0*y - 60 = -5*y - q*p, -9 = -3*p. What is the units digit of y?
9
Suppose 58*s = 52*s + 5046. What is the tens digit of s?
4
Let w = -149 + 149. Let c(j) be the third derivative of j**6/120 - j**5/60 + 4*j**3/3 - j**2. What is the units digit of c(w)?
8
Let t(n) = 2*n**3 - 6*n**2 + 10*n - 15. What is the units digit of t(7)?
7
Suppose -3*r + 22 = -20. Suppose 2*u + 4*f - 150 = 0, -70 = -u - 5*f + r. What is the units digit of u?
9
Let s be (70/21)/(4/(-6)). Let v = s + 4. What is the tens digit of (2 + v)*17 - 1?
1
Suppose 0 = 5*a - 20, 0 = 5*b - 4*a + a - 293. Let w = b - 18. What is the units digit of w?
3
Let w = 19 - 13. Suppose -36 = w*g - 0*g. What is the tens digit of 5*-20*g/12?
5
Suppose 4 = -4*u, g - 5*g = -3*u - 75. Let k = -4 + 7. Suppose -g = -k*v + 9. What is the units digit of v?
9
Suppose -q = 44 - 196. Suppose -28*w + 29*w - q = 0. What is the tens digit of w?
5
Let y(p) = -11*p**3 + p**2. Let u be y(1). Let f(o) = -2*o - 14. Let k be f(u). Suppose k*r - 9 = r - s, -2*r = -5*s - 9. What is the units digit of r?
2
Suppose -4*h - 6 = -2*m + 20, 4*m = 3*h + 27. Let g = 145 + -94. Suppose x + q + 3*q - 33 = 0, -m*x = -4*q - g. What is the units digit of x?
1
What is the units digit of (2 - 7) + (-6)/(-9)*1338?
7
Suppose -24*a + 3147 = -23*a + 5*n, 4*n = -20. What is the tens digit of a?
7
Let q(d) = 22*d**3 + d**2 - 1. Let p = 79 + -78. What is the tens digit of q(p)?
2
What is the tens digit of 10/4 - (-5236)/8?
5
Suppose r = c + 368, 2*r + 2*c - 6*c = 730. What is the units digit of r?
1
Suppose 27244 = 42*s - 14*s. What is the tens digit of s?
7
Suppose -5*m + 130 = w, -m = 3*m + 5*w - 83. Suppose 3*x - m = 2*x. What is the units digit of x?
7
Let s(r) = r**2 + 14*r + 2. Let d(a) = a**2 + a + 1. Let i(b) = d(b) + s(b). What is the tens digit of i(-10)?
5
Let d(u) = 4*u**2 - 8*u + 7. Let a(l) = l**3 - 7*l**2 - 8*l - 5. Let h be a(8). Let m(r) = -r. Let v be m(h). What is the tens digit of d(v)?
6
What is the tens digit of 470 - ((-48)/(-96))/((-2)/(-4))?
6
Let l = 1639 + -577. What is the hundreds digit of l?
0
Let z(c) = c**2 - c - 10. Suppose 4*g + g - 2*s - 6 = 0, -10 = -4*g - s. Suppose y = g*f + 6*y - 13, 4*f + y + 19 = 0. What is the tens digit of z(f)?
3
Suppose 73 = 2*c - 607. Suppose -11*q = -16*q + c. What is the units digit of q?
8
Let m(s) = 0*s**3 + s**3 + s**2 + 4 + 0*s**3 + 3*s**2 + s. Let r be m(-4). Suppose r = -0*y + 5*y - 50. What is the units digit of y?
0
Let v be (-1)/(-2 - (-2 - -1)). Suppose 0 = 4*r - 5*x + 7, 3*x = -0*r + r + 7. Suppose r*s - 12 = -n, s + v + 3 = 0. What is the units digit of n?
0
Let d(h) = -2*h - 4. Let b be d(-12). What is the units digit of (-2)/(-3)*(b - 3 - -4)?
4
Let t(a) be the second derivative of a**4/12 + 2*a**3/3 - a**2 - 2*a. Suppose -21*b - 112 = -7*b. What is the tens digit of t(b)?
3
What is the hundreds digit of 3243/((-72)/180 + (-14)/(-10))?
2
Let v = -298 - -525. Suppose -v - 33 = -4*b. What is the units digit of b?
5
Suppose 81508 = 54*m - 75848. What is the tens digit of m?
1
Suppose 3*l = 9*l - 840. Suppose 230 + l = 5*b. What is the tens digit of b?
7
Suppose 2*d = -4*d + 426. Suppose -109 - d = -3*a. What is the units digit of a?
0
Suppose 5*i = -3*k + 3, 0 = 2*i - 4*k + 6*k + 2. Suppose 5*w + 407 = i*f, 4*w = 5*f - 0*f - 687. What is the units digit of f?
9
Let r(n) = -n**3 - 12*n**2 + 2. Let c be r(-12). Suppose -q + 61 + 1 = c*p, 0 = -5*q + 3*p + 297. What is the units digit of q?
0
What is the tens digit of 2*(-1902)/(-9)*3/2?
3
Suppose 3*x + 140 = -2*x. Let z = x + 53. What is the units digit of z?
5
Let k = -8 - -11. Suppose 7*q - 3*s - 903 = 2*q, -k*s = -q + 183. What is the tens digit of q?
8
What is the hundreds digit of 6 - 633/(9/(-3))?
2
Suppose -49*i + 64 = -45*i. What is the units digit of i?
6
Let r = 16 + -12. Suppose 0 = -5*t - 3*s + 69, r*t = -5*s - 0*s + 50. Suppose -n + t = -3. What is the tens digit of n?
1
Suppose -4*s - 241 - 19 = 0. What is the tens digit of (-13)/s + (-158)/(-10)?
1
Suppose 0*u + 3*j = 2*u + 15, -u - 2*j = 11. Let y be 8/6 + (-6)/u. What is the units digit of (0/y + -1)*-2?
2
What is the hundreds digit of (-36645)/30*4/(-7)?
6
Let n(k) = -82*k + 4. Let j be n(-5). What is the units digit of (-2)/((-3)/(j/3))?
2
Let s = -17 + 23. What is the units digit of 8/s - 236/(-3)?
0
Suppose 6032 = -255*w + 268*w. What is the units digit of w?
4
Let w(a) = a**2 - 3*a - 1. Suppose 5*f = 3*f + 12. Let s be w(f). Suppose -3*d + 34 = -s. What is the tens digit of d?
1
Suppose 3*t + 2*s - 5*s - 21 = 0, t - 5*s = 19. What is the units digit of ((1 - t) + 13)*1?
0
Let p = 33 - 34. What is the units digit of (-1)/(-2*p/(-62))?
1
Let n(i) = -72*i - 250. What is the units digit of n(-7)?
4
Let j(x) = x**3 + 11*x**2 - x - 5. Let z be j(-11). Let i be (-1)/(-1*3/z). Suppose n + 3 = i*n. What is the units digit of n?
3
Let a(c) = c - 11. Let q be a(11). Let i(n) = -2*n - 5 + 0*n + q*n - 12. What is the units digit of i(-13)?
9
Let b = -4 - -7. Suppose -b*i = -0 - 36. What is the tens digit of i?
1
Let n(o) = 12*o - 2. Let b = -30 - -34. What is the tens digit of n(b)?
4
Let m(p) be the third derivative of p**6/120 - p**5/30 - p**4/6 - p**3/6 + 5*p**2. Suppose 4 = x - 0. What is the tens digit of m(x)?
1
Let g(c) = -2*c**3 - c**2 + 12*c + 9. Let i be g(-4). Let n = i - -1. What is the units digit of n?
4
Let s be (-77)/7 - (-6)/2. Suppose 3*o - 4*o = 5, -c + 48 = 5*o. Let q = c + s. What is the tens digit of q?
6
Let h be 2/(-2) - (62 - 5)/(-3). Suppose 10*p - h*p + 520 = 0. What is the tens digit of p?
6
Let d(v) = 8*v**2 + 3*v + 2. Let h be d(-1). What is the units digit of (399/6)/h*4?
8
Suppose 4*b + 9 = b. Let r(z) = 2*z**2 - z - 6. Let d be r(b). Let l = -6 + d. What is the units digit of l?
9
Suppose 17*c = 16*c + 75. Suppose 68*x = c*x - 1379. What is the units digit of x?
7
Let s(m) be the third derivative of m**5/60 - m**4/24 - 12*m**2. What is the tens digit of s(-7)?
5
Let c be (-15)/6*(-3048)/30. Suppose -2*v + 40 = -c. What is the units digit of v?
7
What is the hundreds digit of (35/(-1))/(-7) + -1 + 1906?
9
Suppose 3*g - 21 = 33. Let i be 788/22 + (-10)/(-55). Let y = i - g. What is the tens digit of y?
1
Suppose -6*m - 240 = -18*m. What is the tens digit of (m + 2 + -4)*(-90)/(-20)?
8
Let k = 191 - -324. What is the tens digit of 1/(-2)*k*8/(-10)?
0
Suppose -2*a + 3*k = -7091, 3*a - 3931 - 6658 = -5*k. What is the tens digit of a?
3
What is the tens digit of -11 + (-11028)/18*-3?
2
Let o(h) = h + 9. Let g be o(-15). Let k(q) = q**3 + 7*q**2 + 5*q - 6. Let u be k(g). Suppose -5*t + 66 + 64 = u. What is the units digit of t?
6
Let g be (7/2)/((-3)/(-54)). Suppose 92 + 181 = -13*j. Let f = j + g. What is the tens digit of f?
4
Let k = -13 - -16. Suppose 0 = 3*w - 2*y - 32, 5*w - 3*w + k*y - 4 = 0. Suppose 12*q = w*q + 212. What is the units digit of q?
3
Let t(c) = -9*c - 4*c**2 + c**2 + c**3 - 5*c**2 - 5*c**2 + 4. What is the tens digit of t(14)?
7
Let x = -1431 - -1620. What is the units digit of x?
9
Suppose -r = -21*b + 18*b + 5980, 5*r = 3*b - 5960. What is the hundreds digit of b?
9
Suppose 5*u - 142 + 42 = 0. Suppose 2*p + 2*p - 3*z - 36 = 0, u = 5*z. Let d = p + -11. What is the units digit of d?
1
Suppose 0 = 25*y - 1892 - 958. Suppose -3*w + 7*w - 16 = 0. Suppose y = -o + w*o. What is the tens digit of o?
3
Let o(c) = -8*c - 53. Let l(w) = 4*w + 27. Let y(t) = 5*l(t) + 2*o(t). What is the units digit of y(18)?
1
Suppose 12*s - 41*s + 12644 = 0. What is the tens digit of s?
3
Suppose 0 = 91*t - 92*t + 616. What is the hundreds digit of t?
6
Suppose -69*k + 14786 = -66*k + 4*g, 0 = -3*k + g + 14761. What is the units digit of k?
2
What is the tens digit of -3 - -70 - (-5 - -6)?
6
Suppose -6